{"id":326,"date":"2024-02-26T10:20:02","date_gmt":"2024-02-26T09:20:02","guid":{"rendered":"http:\/\/roknysl.cluster030.hosting.ovh.net\/?page_id=326"},"modified":"2025-04-01T15:12:17","modified_gmt":"2025-04-01T13:12:17","slug":"vrac","status":"publish","type":"page","link":"https:\/\/www.transports-bon.com\/index.php\/vrac\/","title":{"rendered":"FOND MOUVANT"},"content":{"rendered":"\t\t<div data-elementor-type=\"wp-page\" data-elementor-id=\"326\" class=\"elementor elementor-326\" data-elementor-post-type=\"page\">\n\t\t\t\t<div class=\"elementor-element elementor-element-e0kay4h e-flex e-con-boxed wpr-particle-no wpr-jarallax-no wpr-parallax-no wpr-sticky-section-no wpr-equal-height-no e-con e-parent\" data-id=\"e0kay4h\" data-element_type=\"container\" data-e-type=\"container\" data-settings=\"{&quot;background_background&quot;:&quot;classic&quot;}\">\n\t\t\t\t\t<div class=\"e-con-inner\">\n\t\t<div class=\"elementor-element elementor-element-0c73a23 e-con-full e-flex wpr-particle-no wpr-jarallax-no wpr-parallax-no wpr-sticky-section-no wpr-equal-height-no e-con e-child\" data-id=\"0c73a23\" data-element_type=\"container\" data-e-type=\"container\">\n\t\t\t\t<div class=\"elementor-element elementor-element-e3ee3a0 elementor-widget elementor-widget-heading\" data-id=\"e3ee3a0\" data-element_type=\"widget\" data-e-type=\"widget\" data-widget_type=\"heading.default\">\n\t\t\t\t<div class=\"elementor-widget-container\">\n\t\t\t\t\t<h1 class=\"elementor-heading-title elementor-size-default\">VRAC FOND MOUVANT<\/h1>\t\t\t\t<\/div>\n\t\t\t\t<\/div>\n\t\t\t\t<\/div>\n\t\t\t\t\t<\/div>\n\t\t\t\t<\/div>\n\t\t<div class=\"elementor-element elementor-element-ycztmb3 e-flex e-con-boxed wpr-particle-no wpr-jarallax-no wpr-parallax-no wpr-sticky-section-no wpr-equal-height-no e-con e-parent\" data-id=\"ycztmb3\" data-element_type=\"container\" data-e-type=\"container\">\n\t\t\t\t\t<div class=\"e-con-inner\">\n\t\t<div class=\"elementor-element elementor-element-56a4564 e-con-full e-flex wpr-particle-no wpr-jarallax-no wpr-parallax-no wpr-sticky-section-no wpr-equal-height-no e-con e-child\" data-id=\"56a4564\" data-element_type=\"container\" data-e-type=\"container\">\n\t\t\t\t<div class=\"elementor-element elementor-element-50d6336 elementor-widget elementor-widget-heading\" data-id=\"50d6336\" data-element_type=\"widget\" data-e-type=\"widget\" data-widget_type=\"heading.default\">\n\t\t\t\t<div class=\"elementor-widget-container\">\n\t\t\t\t\t<h3 class=\"elementor-heading-title elementor-size-default\">Notre expertise :<\/h3>\t\t\t\t<\/div>\n\t\t\t\t<\/div>\n\t\t\t\t<div class=\"elementor-element elementor-element-9308ff2 elementor-widget__width-initial elementor-widget elementor-widget-text-editor\" data-id=\"9308ff2\" data-element_type=\"widget\" data-e-type=\"widget\" data-widget_type=\"text-editor.default\">\n\t\t\t\t<div class=\"elementor-widget-container\">\n\t\t\t\t\t\t\t\t\t<p>Forts de nombreuses ann\u00e9es d\u2019exp\u00e9rience dans le domaine des fonds mouvants, nous proposons des solutions sur mesure, adapt\u00e9es \u00e0 chaque besoin. Qu\u2019il s\u2019agisse de chantiers urbains ou forestiers, notre \u00e9quipe exp\u00e9riment\u00e9e s\u2019adapte \u00e0 tout type de terrain et \u00e0 toutes les conditions de jours comme de nuits.\u00a0<\/p>\t\t\t\t\t\t\t\t<\/div>\n\t\t\t\t<\/div>\n\t\t\t\t<\/div>\n\t\t<div class=\"elementor-element elementor-element-dffccf7 e-con-full e-flex wpr-particle-no wpr-jarallax-no wpr-parallax-no wpr-sticky-section-no wpr-equal-height-no e-con e-child\" data-id=\"dffccf7\" data-element_type=\"container\" data-e-type=\"container\">\n\t\t\t\t<div class=\"elementor-element elementor-element-a48b651 elementor-widget elementor-widget-image\" data-id=\"a48b651\" data-element_type=\"widget\" data-e-type=\"widget\" data-widget_type=\"image.default\">\n\t\t\t\t<div class=\"elementor-widget-container\">\n\t\t\t\t\t\t\t\t\t\t\t\t\t\t\t<img fetchpriority=\"high\" decoding=\"async\" width=\"768\" height=\"1024\" src=\"https:\/\/www.transports-bon.com\/wp-content\/uploads\/2024\/03\/15-768x1024.jpg\" class=\"attachment-large size-large wp-image-1627\" alt=\"\" srcset=\"https:\/\/www.transports-bon.com\/wp-content\/uploads\/2024\/03\/15-768x1024.jpg 768w, https:\/\/www.transports-bon.com\/wp-content\/uploads\/2024\/03\/15-225x300.jpg 225w, https:\/\/www.transports-bon.com\/wp-content\/uploads\/2024\/03\/15-1152x1536.jpg 1152w, https:\/\/www.transports-bon.com\/wp-content\/uploads\/2024\/03\/15-1536x2048.jpg 1536w, https:\/\/www.transports-bon.com\/wp-content\/uploads\/2024\/03\/15-scaled.jpg 1920w\" sizes=\"(max-width: 768px) 100vw, 768px\" \/>\t\t\t\t\t\t\t\t\t\t\t\t\t\t\t<\/div>\n\t\t\t\t<\/div>\n\t\t\t\t<\/div>\n\t\t\t\t\t<\/div>\n\t\t\t\t<\/div>\n\t\t<div class=\"elementor-element elementor-element-0gxth65 e-flex e-con-boxed wpr-particle-no wpr-jarallax-no wpr-parallax-no wpr-sticky-section-no wpr-equal-height-no e-con e-parent\" data-id=\"0gxth65\" data-element_type=\"container\" data-e-type=\"container\">\n\t\t\t\t\t<div class=\"e-con-inner\">\n\t\t<div class=\"elementor-element elementor-element-6880e43 e-con-full e-flex wpr-particle-no wpr-jarallax-no wpr-parallax-no wpr-sticky-section-no wpr-equal-height-no e-con e-child\" data-id=\"6880e43\" data-element_type=\"container\" data-e-type=\"container\">\n\t\t\t\t<div class=\"elementor-element elementor-element-f51149a elementor-widget elementor-widget-image\" data-id=\"f51149a\" data-element_type=\"widget\" data-e-type=\"widget\" data-widget_type=\"image.default\">\n\t\t\t\t<div class=\"elementor-widget-container\">\n\t\t\t\t\t\t\t\t\t\t\t\t\t\t\t<img decoding=\"async\" width=\"576\" height=\"1024\" src=\"https:\/\/www.transports-bon.com\/wp-content\/uploads\/2025\/03\/Acceuil-14-576x1024.jpg\" class=\"attachment-large size-large wp-image-3423\" alt=\"\" srcset=\"https:\/\/www.transports-bon.com\/wp-content\/uploads\/2025\/03\/Acceuil-14-576x1024.jpg 576w, https:\/\/www.transports-bon.com\/wp-content\/uploads\/2025\/03\/Acceuil-14-169x300.jpg 169w, https:\/\/www.transports-bon.com\/wp-content\/uploads\/2025\/03\/Acceuil-14-768x1365.jpg 768w, https:\/\/www.transports-bon.com\/wp-content\/uploads\/2025\/03\/Acceuil-14-864x1536.jpg 864w, https:\/\/www.transports-bon.com\/wp-content\/uploads\/2025\/03\/Acceuil-14.jpg 900w\" sizes=\"(max-width: 576px) 100vw, 576px\" \/>\t\t\t\t\t\t\t\t\t\t\t\t\t\t\t<\/div>\n\t\t\t\t<\/div>\n\t\t\t\t<\/div>\n\t\t<div class=\"elementor-element elementor-element-1d599f0 e-con-full e-flex wpr-particle-no wpr-jarallax-no wpr-parallax-no wpr-sticky-section-no wpr-equal-height-no e-con e-child\" data-id=\"1d599f0\" data-element_type=\"container\" data-e-type=\"container\">\n\t\t\t\t<div class=\"elementor-element elementor-element-8f2af4c elementor-widget elementor-widget-heading\" data-id=\"8f2af4c\" data-element_type=\"widget\" data-e-type=\"widget\" data-widget_type=\"heading.default\">\n\t\t\t\t<div class=\"elementor-widget-container\">\n\t\t\t\t\t<h3 class=\"elementor-heading-title elementor-size-default\">Bennes  fond mouvant 90 m\u00b3 : Polyvalence et Performance<\/h3>\t\t\t\t<\/div>\n\t\t\t\t<\/div>\n\t\t\t\t<div class=\"elementor-element elementor-element-0701632 elementor-widget elementor-widget-text-editor\" data-id=\"0701632\" data-element_type=\"widget\" data-e-type=\"widget\" data-widget_type=\"text-editor.default\">\n\t\t\t\t<div class=\"elementor-widget-container\">\n\t\t\t\t\t\t\t\t\t<p>Nos bennes \u00a0fond mouvant, sont con\u00e7ues pour r\u00e9pondre aux besoins de nos client pour le transport de d\u00e9chets en vrac. Disponibles en plusieurs configurations, elles s\u2019adaptent parfaitement \u00e0 divers types de chargements et besoins sp\u00e9cifiques :<\/p>\t\t\t\t\t\t\t\t<\/div>\n\t\t\t\t<\/div>\n\t\t\t\t<\/div>\n\t\t\t\t\t<\/div>\n\t\t\t\t<\/div>\n\t\t<div class=\"elementor-element elementor-element-7bbf036 e-flex e-con-boxed wpr-particle-no wpr-jarallax-no wpr-parallax-no wpr-sticky-section-no wpr-equal-height-no e-con e-parent\" data-id=\"7bbf036\" data-element_type=\"container\" data-e-type=\"container\">\n\t\t\t\t\t<div class=\"e-con-inner\">\n\t\t\t\t<div class=\"elementor-element elementor-element-d39aca5 elementor-widget elementor-widget-heading\" data-id=\"d39aca5\" data-element_type=\"widget\" data-e-type=\"widget\" data-widget_type=\"heading.default\">\n\t\t\t\t<div class=\"elementor-widget-container\">\n\t\t\t\t\t<h3 class=\"elementor-heading-title elementor-size-default\">Pourquoi choisir le transport en fond mouvant ?<\/h3>\t\t\t\t<\/div>\n\t\t\t\t<\/div>\n\t\t\t\t\t<\/div>\n\t\t\t\t<\/div>\n\t\t<div class=\"elementor-element elementor-element-8c0a08c e-flex e-con-boxed wpr-particle-no wpr-jarallax-no wpr-parallax-no wpr-sticky-section-no wpr-equal-height-no e-con e-parent\" data-id=\"8c0a08c\" data-element_type=\"container\" data-e-type=\"container\">\n\t\t\t\t\t<div class=\"e-con-inner\">\n\t\t\t\t<div class=\"elementor-element elementor-element-8516ba0 elementor-widget elementor-widget-text-editor\" data-id=\"8516ba0\" data-element_type=\"widget\" data-e-type=\"widget\" data-widget_type=\"text-editor.default\">\n\t\t\t\t<div class=\"elementor-widget-container\">\n\t\t\t\t\t\t\t\t\t<p>\u00a0<\/p><ul><li><strong>Benne acier<\/strong> : Id\u00e9ale pour le transport de mat\u00e9riaux lourds. Robuste et durable, elle est parfaitement adapt\u00e9e au transport de <strong>DIB<\/strong> (d\u00e9chets industriel banale), <strong>RBA<\/strong> (R\u00e9sidu de broy\u00e2t automobile) plastiques, ordures m\u00e9nag\u00e8res, petites ferrailles et d\u00e9chets verts.<\/li><li><strong>Benne bois<\/strong> : Con\u00e7ue sp\u00e9cialement pour le transport de bois, cette benne offre une charge utile optimis\u00e9e, permettant de transporter des volumes plus importants. Elle est id\u00e9ale pour approvisionner directement les chaufferies ou livrer les plateformes de bois.<\/li><li><strong>Benne avec b\u00e2che \u00e9tanche<\/strong> : \u00c9quip\u00e9e d\u2019une b\u00e2che herm\u00e9tique, cette benne est parfaite pour transporter des mat\u00e9riaux sensibles \u00e0 l\u2019humidit\u00e9 ou des d\u00e9chets n\u00e9cessitant une protection accrue, tels que le carton, le papier, les matelas ou encore le <strong>CSR<\/strong> (combustible solide de r\u00e9cup\u00e9ration). Elle garantit une s\u00e9curit\u00e9 maximale de la marchandise, m\u00eame en cas de mauvaises conditions m\u00e9t\u00e9orologiques.<\/li><\/ul>\t\t\t\t\t\t\t\t<\/div>\n\t\t\t\t<\/div>\n\t\t\t\t\t<\/div>\n\t\t\t\t<\/div>\n\t\t<div class=\"elementor-element elementor-element-0aabe8d e-flex e-con-boxed wpr-particle-no wpr-jarallax-no wpr-parallax-no wpr-sticky-section-no wpr-equal-height-no e-con e-parent\" data-id=\"0aabe8d\" data-element_type=\"container\" data-e-type=\"container\" data-settings=\"{&quot;background_background&quot;:&quot;classic&quot;}\">\n\t\t\t\t\t<div class=\"e-con-inner\">\n\t\t\t\t<div class=\"elementor-element elementor-element-7710b96 elementor-widget elementor-widget-heading\" data-id=\"7710b96\" data-element_type=\"widget\" data-e-type=\"widget\" data-widget_type=\"heading.default\">\n\t\t\t\t<div class=\"elementor-widget-container\">\n\t\t\t\t\t<h3 class=\"elementor-heading-title elementor-size-default\">L'excellence du service sur toute la France<\/h3>\t\t\t\t<\/div>\n\t\t\t\t<\/div>\n\t\t\t\t<div class=\"elementor-element elementor-element-cddfbc9 elementor-widget elementor-widget-text-editor\" data-id=\"cddfbc9\" data-element_type=\"widget\" data-e-type=\"widget\" data-widget_type=\"text-editor.default\">\n\t\t\t\t<div class=\"elementor-widget-container\">\n\t\t\t\t\t\t\t\t\t<p>Nos v\u00e9hicules \u00e9quip\u00e9s de fonds mouvants sont con\u00e7us pour s\u2019adapter \u00e0 une large gamme de produits, qu\u2019ils soient en vrac ou palettis\u00e9s. Transport Bon s&rsquo;engage \u00e0 vous offrir un service de haute qualit\u00e9, avec des v\u00e9hicules r\u00e9cents, conformes aux normes environnementales, et des chauffeurs exp\u00e9riment\u00e9s. Nous assurons des livraisons rapides et fiables, peu importe la destination, en toute s\u00e9curit\u00e9.<\/p>\t\t\t\t\t\t\t\t<\/div>\n\t\t\t\t<\/div>\n\t\t\t\t\t<\/div>\n\t\t\t\t<\/div>\n\t\t<div class=\"elementor-element elementor-element-52x5tfu e-flex e-con-boxed wpr-particle-no wpr-jarallax-no wpr-parallax-no wpr-sticky-section-no wpr-equal-height-no e-con e-parent\" data-id=\"52x5tfu\" data-element_type=\"container\" data-e-type=\"container\" data-settings=\"{&quot;background_background&quot;:&quot;classic&quot;}\">\n\t\t\t\t\t<div class=\"e-con-inner\">\n\t\t<div class=\"elementor-element elementor-element-db992c8 e-con-full e-flex wpr-particle-no wpr-jarallax-no wpr-parallax-no wpr-sticky-section-no wpr-equal-height-no e-con e-child\" data-id=\"db992c8\" data-element_type=\"container\" data-e-type=\"container\">\n\t\t\t\t<div class=\"elementor-element elementor-element-08e276e elementor-widget elementor-widget-heading\" data-id=\"08e276e\" data-element_type=\"widget\" data-e-type=\"widget\" data-widget_type=\"heading.default\">\n\t\t\t\t<div class=\"elementor-widget-container\">\n\t\t\t\t\t<h2 class=\"elementor-heading-title elementor-size-default\">Contactez nous !<\/h2>\t\t\t\t<\/div>\n\t\t\t\t<\/div>\n\t\t\t\t<div class=\"elementor-element elementor-element-291d47f elementor-widget elementor-widget-text-editor\" data-id=\"291d47f\" data-element_type=\"widget\" data-e-type=\"widget\" data-widget_type=\"text-editor.default\">\n\t\t\t\t<div class=\"elementor-widget-container\">\n\t\t\t\t\t\t\t\t\t<p>Si vous voulez plus d&rsquo;information n&rsquo;h\u00e9sitez pas \u00e0 nous contactez !<\/p>\t\t\t\t\t\t\t\t<\/div>\n\t\t\t\t<\/div>\n\t\t\t\t<div class=\"elementor-element elementor-element-466fc8c elementor-align-center elementor-widget elementor-widget-button\" data-id=\"466fc8c\" data-element_type=\"widget\" data-e-type=\"widget\" data-widget_type=\"button.default\">\n\t\t\t\t<div class=\"elementor-widget-container\">\n\t\t\t\t\t\t\t\t\t<div class=\"elementor-button-wrapper\">\n\t\t\t\t\t<a class=\"elementor-button elementor-button-link elementor-size-sm\" href=\"https:\/\/www.transports-bon.com\/index.php\/contact\/\">\n\t\t\t\t\t\t<span class=\"elementor-button-content-wrapper\">\n\t\t\t\t\t\t\t\t\t<span class=\"elementor-button-text\">Cliquez ici !<\/span>\n\t\t\t\t\t<\/span>\n\t\t\t\t\t<\/a>\n\t\t\t\t<\/div>\n\t\t\t\t\t\t\t\t<\/div>\n\t\t\t\t<\/div>\n\t\t\t\t<\/div>\n\t\t\t\t\t<\/div>\n\t\t\t\t<\/div>\n\t\t\t\t<\/div>\n\t\t","protected":false},"excerpt":{"rendered":"<p>VRAC FOND MOUVANT Notre expertise : Forts de nombreuses ann\u00e9es d\u2019exp\u00e9rience dans le domaine des fonds mouvants, nous proposons des solutions sur mesure, adapt\u00e9es \u00e0 chaque besoin. Qu\u2019il s\u2019agisse de chantiers urbains ou forestiers, notre \u00e9quipe exp\u00e9riment\u00e9e s\u2019adapte \u00e0 tout type de terrain et \u00e0 toutes les conditions de jours comme de nuits.\u00a0 Bennes fond mouvant 90 m\u00b3 : Polyvalence et Performance Nos bennes \u00a0fond mouvant, sont con\u00e7ues pour r\u00e9pondre aux besoins de nos client pour le transport de d\u00e9chets en vrac. Disponibles en plusieurs configurations, elles s\u2019adaptent parfaitement \u00e0 divers types de chargements et besoins sp\u00e9cifiques : Pourquoi choisir le transport en fond mouvant ? \u00a0 Benne acier : Id\u00e9ale pour le transport de mat\u00e9riaux lourds. Robuste et durable, elle est parfaitement adapt\u00e9e au transport de DIB (d\u00e9chets industriel banale), RBA (R\u00e9sidu de broy\u00e2t automobile) plastiques, ordures m\u00e9nag\u00e8res, petites ferrailles et d\u00e9chets verts. Benne bois : Con\u00e7ue sp\u00e9cialement pour le transport de bois, cette benne offre une charge utile optimis\u00e9e, permettant de transporter des volumes plus importants. Elle est id\u00e9ale pour approvisionner directement les chaufferies ou livrer les plateformes de bois. Benne avec b\u00e2che \u00e9tanche : \u00c9quip\u00e9e d\u2019une b\u00e2che herm\u00e9tique, cette benne est parfaite pour transporter des mat\u00e9riaux sensibles \u00e0 l\u2019humidit\u00e9 ou des d\u00e9chets n\u00e9cessitant une protection accrue, tels que le carton, le papier, les matelas ou encore le CSR (combustible solide de r\u00e9cup\u00e9ration). Elle garantit une s\u00e9curit\u00e9 maximale de la marchandise, m\u00eame en cas de mauvaises conditions m\u00e9t\u00e9orologiques. L&rsquo;excellence du service sur toute la France Nos v\u00e9hicules \u00e9quip\u00e9s de fonds mouvants sont con\u00e7us pour s\u2019adapter \u00e0 une large gamme de produits, qu\u2019ils soient en vrac ou palettis\u00e9s. Transport Bon s&rsquo;engage \u00e0 vous offrir un service de haute qualit\u00e9, avec des v\u00e9hicules r\u00e9cents, conformes aux normes environnementales, et des chauffeurs exp\u00e9riment\u00e9s. Nous assurons des livraisons rapides et fiables, peu importe la destination, en toute s\u00e9curit\u00e9. Contactez nous ! Si vous voulez plus d&rsquo;information n&rsquo;h\u00e9sitez pas \u00e0 nous contactez ! Cliquez ici !<\/p>\n","protected":false},"author":1,"featured_media":0,"parent":0,"menu_order":0,"comment_status":"closed","ping_status":"closed","template":"","meta":{"_seopress_robots_primary_cat":"","_seopress_titles_title":"%%post_title%% %%sep%% Transports Bon","_seopress_titles_desc":"Gr\u00e2ce \u00e0 nos conducteurs qualifi\u00e9s et le mat\u00e9riel ad\u00e9quat nous sommes en mesure de r\u00e9pondre \u00e0 vos demande avec s\u00e9rieux et rigueur pour le transport en Fond Mouvant Alternatif et en Benne TP.","_seopress_robots_index":"","site-sidebar-layout":"no-sidebar","site-content-layout":"","ast-site-content-layout":"full-width-container","site-content-style":"default","site-sidebar-style":"default","ast-global-header-display":"","ast-banner-title-visibility":"","ast-main-header-display":"","ast-hfb-above-header-display":"","ast-hfb-below-header-display":"","ast-hfb-mobile-header-display":"","site-post-title":"disabled","ast-breadcrumbs-content":"","ast-featured-img":"disabled","footer-sml-layout":"","ast-disable-related-posts":"","theme-transparent-header-meta":"","adv-header-id-meta":"","stick-header-meta":"","header-above-stick-meta":"","header-main-stick-meta":"","header-below-stick-meta":"","astra-migrate-meta-layouts":"default","ast-page-background-enabled":"default","ast-page-background-meta":{"desktop":{"background-color":"var(--ast-global-color-4)","background-image":"","background-repeat":"repeat","background-position":"center center","background-size":"auto","background-attachment":"scroll","background-type":"","background-media":"","overlay-type":"","overlay-color":"","overlay-opacity":"","overlay-gradient":""},"tablet":{"background-color":"","background-image":"","background-repeat":"repeat","background-position":"center center","background-size":"auto","background-attachment":"scroll","background-type":"","background-media":"","overlay-type":"","overlay-color":"","overlay-opacity":"","overlay-gradient":""},"mobile":{"background-color":"","background-image":"","background-repeat":"repeat","background-position":"center center","background-size":"auto","background-attachment":"scroll","background-type":"","background-media":"","overlay-type":"","overlay-color":"","overlay-opacity":"","overlay-gradient":""}},"ast-content-background-meta":{"desktop":{"background-color":"var(--ast-global-color-5)","background-image":"","background-repeat":"repeat","background-position":"center center","background-size":"auto","background-attachment":"scroll","background-type":"","background-media":"","overlay-type":"","overlay-color":"","overlay-opacity":"","overlay-gradient":""},"tablet":{"background-color":"var(--ast-global-color-5)","background-image":"","background-repeat":"repeat","background-position":"center center","background-size":"auto","background-attachment":"scroll","background-type":"","background-media":"","overlay-type":"","overlay-color":"","overlay-opacity":"","overlay-gradient":""},"mobile":{"background-color":"var(--ast-global-color-5)","background-image":"","background-repeat":"repeat","background-position":"center center","background-size":"auto","background-attachment":"scroll","background-type":"","background-media":"","overlay-type":"","overlay-color":"","overlay-opacity":"","overlay-gradient":""}},"footnotes":""},"class_list":["post-326","page","type-page","status-publish","hentry"],"_links":{"self":[{"href":"https:\/\/www.transports-bon.com\/index.php\/wp-json\/wp\/v2\/pages\/326","targetHints":{"allow":["GET"]}}],"collection":[{"href":"https:\/\/www.transports-bon.com\/index.php\/wp-json\/wp\/v2\/pages"}],"about":[{"href":"https:\/\/www.transports-bon.com\/index.php\/wp-json\/wp\/v2\/types\/page"}],"author":[{"embeddable":true,"href":"https:\/\/www.transports-bon.com\/index.php\/wp-json\/wp\/v2\/users\/1"}],"replies":[{"embeddable":true,"href":"https:\/\/www.transports-bon.com\/index.php\/wp-json\/wp\/v2\/comments?post=326"}],"version-history":[{"count":122,"href":"https:\/\/www.transports-bon.com\/index.php\/wp-json\/wp\/v2\/pages\/326\/revisions"}],"predecessor-version":[{"id":3532,"href":"https:\/\/www.transports-bon.com\/index.php\/wp-json\/wp\/v2\/pages\/326\/revisions\/3532"}],"wp:attachment":[{"href":"https:\/\/www.transports-bon.com\/index.php\/wp-json\/wp\/v2\/media?parent=326"}],"curies":[{"name":"wp","href":"https:\/\/api.w.org\/{rel}","templated":true}]}}